35954279 composite?
True
Is 597929 a prime number?
True
Is 534404761 a composite number?
True
Is 1567829 composite?
False
Is 196493 composite?
True
Is 55338649 composite?
False
Is 5602903 a composite number?
True
Is 123524083 a composite number?
False
Is 17066233 a composite number?
False
Is 307217269 composite?
False
Is 7878359 prime?
True
Is 2388977 a prime number?
False
Is 683686018 composite?
True
Is 165320411 composite?
False
Is 23920711 composite?
False
Is 1313929 composite?
False
Is 1032976221 composite?
True
Is 9029315 composite?
True
Is 6917431 prime?
True
Is 4245909 a prime number?
False
Is 15763247 a prime number?
False
Is 143505046 a prime number?
False
Is 222233563 composite?
False
Is 43553933 prime?
True
Is 23503099 a prime number?
False
Is 101015443 prime?
False
Is 13797653 a composite number?
False
Is 69781513 composite?
False
Is 433421 a composite number?
False
Is 115518913 a prime number?
False
Is 13330849 prime?
False
Is 86460809 a prime number?
True
Is 14759861 a prime number?
True
Is 1105913 a composite number?
False
Is 1603713 a composite number?
True
Is 4802621 a composite number?
False
Is 452443 prime?
True
Is 5398957 a prime number?
False
Is 6559537 composite?
True
Is 42517429 a prime number?
True
Is 8967917 a composite number?
True
Is 12737903 a composite number?
False
Is 1868423 a prime number?
True
Is 1057957129 prime?
True
Is 1410477163 a prime number?
True
Is 19866661 composite?
False
Is 32029553 prime?
False
Is 59101723 prime?
False
Is 45414241 a prime number?
True
Is 3011279 a composite number?
False
Is 2429903 a composite number?
True
Is 9300113 a prime number?
False
Is 2006309 a composite number?
True
Is 2780887 composite?
False
Is 7585147 a prime number?
False
Is 1300333 prime?
True
Is 122768185 a composite number?
True
Is 12073577 composite?
True
Is 11748019 a prime number?
False
Is 164756365 a prime number?
False
Is 665761 prime?
True
Is 144029021 a composite number?
False
Is 184719215 a prime number?
False
Is 2878603021 composite?
True
Is 197964227 composite?
False
Is 97981 composite?
True
Is 3274955 prime?
False
Is 479120611 composite?
False
Is 8367481 a prime number?
False
Is 20708389 prime?
False
Is 141237769 a prime number?
False
Is 3777877 prime?
False
Is 442114661 a prime number?
True
Is 67269854 a prime number?
False
Is 12740537 a composite number?
True
Is 5983181 composite?
False
Is 10876147 prime?
True
Is 20390597 a prime number?
True
Is 162947 a prime number?
True
Is 114590858 a composite number?
True
Is 33323831 prime?
True
Is 2923927 a prime number?
True
Is 3188723 a prime number?
True
Is 1991549 a prime number?
False
Is 59131199 composite?
True
Is 26860195 a prime number?
False
Is 362897 a composite number?
False
Is 17945917 a prime number?
False
Is 533363 prime?
True
Is 36787147 a composite number?
False
Is 40138247 a prime number?
False
Is 3004583 a prime number?
True
Is 275174401 a composite number?
False
Is 148186937 a prime number?
False
Is 53209613 composite?
False
Is 2386259035 a composite number?
True
Is 309629597 a composite number?
True
Is 20184941 a composite number?
True
Is 1862933 composite?
False
Is 1848071 prime?
False
Is 809792683 composite?
True
Is 135853 composite?
True
Is 113059717 prime?
False
Is 4786393 composite?
False
Is 5844613 composite?
False
Is 36017335 prime?
False
Is 18222269 composite?
True
Is 454183 prime?
True
Is 9433759 a prime number?
False
Is 6830869 composite?
False
Is 4727939 a composite number?
False
Is 241092037 a prime number?
False
Is 14973181 composite?
False
Is 453983 composite?
False
Is 87656521 prime?
False
Is 16886503 a composite number?
False
Is 5549561 a prime number?
True
Is 2949001 prime?
False
Is 1809489577 prime?
False
Is 1214749 composite?
False
Is 63762529 composite?
True
Is 73335173 a prime number?
True
Is 3193667 prime?
True
Is 4266797 prime?
True
Is 36019751 a prime number?
False
Is 21659311 composite?
True
Is 2882675641 prime?
True
Is 5870167 a prime number?
True
Is 8805649 a prime number?
True
Is 13010087 composite?
True
Is 3164307 composite?
True
Is 16220207 composite?
False
Is 129116369 a prime number?
False
Is 20414789 prime?
True
Is 13588309 a prime number?
False
Is 528439 composite?
True
Is 28120909 a prime number?
False
Is 17386961 a prime number?
True
Is 392002519 composite?
False
Is 141705437 composite?
False
Is 6446899 a prime number?
False
Is 52685507 composite?
True
Is 2092918 a prime number?
False
Is 3063593 a composite number?
True
Is 76277171 composite?
False
Is 409311449 prime?
True
Is 135365953 a composite number?
False
Is 212786591 a prime number?
True
Is 1804063 composite?
False
Is 51704113 a composite number?
True
Is 4075987 composite?
False
Is 39834491 a prime number?
True
Is 141418649 a prime number?
True
Is 5963317 prime?
True
Is 2444671 a composite number?
True
Is 1271903 a prime number?
True
Is 110092757 a prime number?
True
Is 16857041 a composite number?
True
Is 1860251 composite?
False
Is 12392713 composite?
False
Is 7076317 a composite number?
False
Is 487379 prime?
False
Is 798017 a composite number?
True
Is 20529673 a prime number?
True
Is 120828107 a prime number?
False
Is 97257253 a prime number?
True
Is 349241 a composite number?
False
Is 236171255 composite?
True
Is 236708611 composite?
True
Is 10174903 a prime number?
True
Is 2858161 prime?
True
Is 1396387 prime?
True
Is 1886707 prime?
False
Is 54599509 a prime number?
True
Is 19725467 composite?
True
Is 180560807 a composite number?
True
Is 261640531 composite?
True
Is 974517 a composite number?
True
Is 455309 prime?
True
Is 899513 composite?
True
Is 3013289 composite?
False
Is 229714577 prime?
True
Is 522670431 composite?
True
Is 579751033 a prime number?
True
Is 1043534 a composite number?
True
Is 4483173 a composite number?
True
Is 232408453 prime?
True
Is 9087355 a composite number?
True
Is 798443 prime?
True
Is 145018727 a composite number?
True
Is 19538191 composite?
False
Is 17857858 a composite number?
True
Is 82952929 composite?
False
Is 582247 a prime number?
True
Is 1266095117 prime?
False
Is 1710061 a prime number?
True
Is 18961109 a composite number?
False
Is 115413821 composite?
False
Is 14529793 prime?
False
Is 515111 a composite number?
False
Is 9070351 a composite number?
False
Is 30445 a composite number?
True
Is 96094697 a composite number?
False
Is 121584469 composite?
False
Is 1242601 a composite number?
False
Is 187597 a composite number?
False
Is 42023993 a prime number?
False
Is 4530343 a composite number?
False
Is 19964699 a composite number?
False
Is 54250051 a prime number?
True
Is 16747177 prime?
False
Is 884549 composite?
True
Is 5067961 prime?
True
Is 5592941 a prime number?
True
Is 517183297 a prime number?
True
Is 4432951 a composite number?
True
Is 46039321 composite?
True
Is 4715947 a prime number?
True
Is 91070327 composite?
False
Is 1330702 prime?
False
Is 503652055 prime?
False
Is 60007939 prime?
True
Is 5959731 composite?
True
Is 326616953 a prime number?
False
Is 2839121 a prime number?
False
Is 1724111 prime?
False
Is 22992961 prime?
False
Is 3981017 prime?
True
Is 48661643 composite?
True
Is 191318029 composite?
True
Is 9082943 composite?
False
Is 28813 prime?
True
Is 2169859 composite?
False
Is 105233923 prime?
False
Is 235619 prime?
False
Is 509845223 a prime number?
False
Is 1332569 composite?
True
Is 539921 a prime number?
True
Is 26452445 prime?
False
Is 391362169 prime?
False
Is 255943 prime?
False
Is 11396011 a prime number?
False
Is 308183 a prime number?
False
Is 167173 prime?
True
Is 573141 a prime number?
False
Is 28064343 prime?
False
Is 129048455 a prime number?
False
Is 108399794 composite?
True
Is 1288733 a prime number?
True
Is 514357 composite?
False
Is 18155789 composite?
True
Is 43693667 a prime number?
True
Is 26295709 a composite number?
True
Is 412141 a composite number?
True
Is 5252999 prime?
True
Is 259022741 a composite number?
False
Is 4840817 a prime number?
False
Is 9062903 composite?
False
Is 4762529 a composite number?
True
Is 3331189 a composite number?
False
Is 503563 composite?
False
Is 3007943 prime?
False
Is 736198 prime?
False
Is 112963 a composite number?
True
Is 264203 composite?
True
Is 19366463 prime?
False
Is 18962413 a composite number?
False
Is 989700329 a prime 